[INFO] fetching crate rsa-pem 0.2.0...
[INFO] checking rsa-pem-0.2.0 against try#72f88fc4e9458f89516a0b8b0868f3718aec5b47 for pr-74989
[INFO] extracting crate rsa-pem 0.2.0 into /workspace/builds/worker-3/source
[INFO] validating manifest of crates.io crate rsa-pem 0.2.0 on toolchain 72f88fc4e9458f89516a0b8b0868f3718aec5b47
[INFO] running `Command { std: "/workspace/cargo-home/bin/cargo" "+72f88fc4e9458f89516a0b8b0868f3718aec5b47" "read-manifest" "--manifest-path" "Cargo.toml", kill_on_drop: false }`
[INFO] started tweaking crates.io crate rsa-pem 0.2.0
[INFO] finished tweaking crates.io crate rsa-pem 0.2.0
[INFO] tweaked toml for crates.io crate rsa-pem 0.2.0 written to /workspace/builds/worker-3/source/Cargo.toml
[INFO] crate crates.io crate rsa-pem 0.2.0 already has a lockfile, it will not be regenerated
[INFO] running `Command { std: "/workspace/cargo-home/bin/cargo" "+72f88fc4e9458f89516a0b8b0868f3718aec5b47" "fetch" "--locked" "--manifest-path" "Cargo.toml", kill_on_drop: false }`
[INFO] running `Command { std: "docker" "create" "-v" "/var/lib/crater-agent-workspace/builds/worker-3/target:/opt/rustwide/target:rw,Z" "-v" "/var/lib/crater-agent-workspace/builds/worker-3/source:/opt/rustwide/workdir:ro,Z" "-v" "/var/lib/crater-agent-workspace/cargo-home:/opt/rustwide/cargo-home:ro,Z" "-v" "/var/lib/crater-agent-workspace/rustup-home:/opt/rustwide/rustup-home:ro,Z" "-e" "SOURCE_DIR=/opt/rustwide/workdir" "-e" "CARGO_TARGET_DIR=/opt/rustwide/target" "-e" "CARGO_HOME=/opt/rustwide/cargo-home" "-e" "RUSTUP_HOME=/opt/rustwide/rustup-home" "-w" "/opt/rustwide/workdir" "-m" "1610612736" "--user" "0:0" "--network" "none" "rustops/crates-build-env@sha256:d92eaeed33fa75130ca1ee6c8a01d1ffb62bac859dfdfb3450e3e5d1c0146529" "/opt/rustwide/cargo-home/bin/cargo" "+72f88fc4e9458f89516a0b8b0868f3718aec5b47" "metadata" "--no-deps" "--format-version=1", kill_on_drop: false }`
[INFO] [stdout] 52ad420c272f330bbaecc531b3ca315cd6ec33f56beca92206bf0c8e23cb0c02
[INFO] [stderr] WARNING: Your kernel does not support swap limit capabilities or the cgroup is not mounted. Memory limited without swap.
[INFO] running `Command { std: "docker" "start" "-a" "52ad420c272f330bbaecc531b3ca315cd6ec33f56beca92206bf0c8e23cb0c02", kill_on_drop: false }`
[INFO] running `Command { std: "docker" "inspect" "52ad420c272f330bbaecc531b3ca315cd6ec33f56beca92206bf0c8e23cb0c02", kill_on_drop: false }`
[INFO] running `Command { std: "docker" "rm" "-f" "52ad420c272f330bbaecc531b3ca315cd6ec33f56beca92206bf0c8e23cb0c02", kill_on_drop: false }`
[INFO] [stdout] 52ad420c272f330bbaecc531b3ca315cd6ec33f56beca92206bf0c8e23cb0c02
[INFO] running `Command { std: "docker" "create" "-v" "/var/lib/crater-agent-workspace/builds/worker-3/target:/opt/rustwide/target:rw,Z" "-v" "/var/lib/crater-agent-workspace/builds/worker-3/source:/opt/rustwide/workdir:ro,Z" "-v" "/var/lib/crater-agent-workspace/cargo-home:/opt/rustwide/cargo-home:ro,Z" "-v" "/var/lib/crater-agent-workspace/rustup-home:/opt/rustwide/rustup-home:ro,Z" "-e" "SOURCE_DIR=/opt/rustwide/workdir" "-e" "CARGO_TARGET_DIR=/opt/rustwide/target" "-e" "CARGO_INCREMENTAL=0" "-e" "RUST_BACKTRACE=full" "-e" "RUSTFLAGS=--cap-lints=forbid" "-e" "CARGO_HOME=/opt/rustwide/cargo-home" "-e" "RUSTUP_HOME=/opt/rustwide/rustup-home" "-w" "/opt/rustwide/workdir" "-m" "1610612736" "--user" "0:0" "--network" "none" "rustops/crates-build-env@sha256:d92eaeed33fa75130ca1ee6c8a01d1ffb62bac859dfdfb3450e3e5d1c0146529" "/opt/rustwide/cargo-home/bin/cargo" "+72f88fc4e9458f89516a0b8b0868f3718aec5b47" "check" "--frozen" "--all" "--all-targets" "--message-format=json", kill_on_drop: false }`
[INFO] [stdout] 2bf90ff085a8ba6508ed2459f459a572bdb80fcc1532a2b999999411b43aa116
[INFO] [stderr] WARNING: Your kernel does not support swap limit capabilities or the cgroup is not mounted. Memory limited without swap.
[INFO] running `Command { std: "docker" "start" "-a" "2bf90ff085a8ba6508ed2459f459a572bdb80fcc1532a2b999999411b43aa116", kill_on_drop: false }`
[INFO] [stderr]    Compiling libc v0.2.73
[INFO] [stderr]    Compiling syn v1.0.35
[INFO] [stderr]     Checking spin v0.5.2
[INFO] [stderr]    Compiling log v0.4.11
[INFO] [stderr]    Compiling libm v0.2.1
[INFO] [stderr]     Checking cpuid-bool v0.1.2
[INFO] [stderr]     Checking smallvec v1.4.1
[INFO] [stderr]     Checking opaque-debug v0.3.0
[INFO] [stderr]     Checking bit-vec v0.6.2
[INFO] [stderr]     Checking subtle v2.2.3
[INFO] [stderr]    Compiling num-traits v0.2.12
[INFO] [stderr]    Compiling num-integer v0.1.43
[INFO] [stderr]    Compiling num-bigint v0.2.6
[INFO] [stderr]    Compiling num-iter v0.1.41
[INFO] [stderr]    Compiling generic-array v0.14.3
[INFO] [stderr]    Compiling num-bigint-dig v0.6.0
[INFO] [stderr]    Compiling proc-macro2 v1.0.19
[INFO] [stderr]     Checking lazy_static v1.4.0
[INFO] [stderr]     Checking thread_local v1.0.1
[INFO] [stderr]     Checking regex v1.3.9
[INFO] [stderr]    Compiling quote v1.0.7
[INFO] [stderr]     Checking block-buffer v0.9.0
[INFO] [stderr]     Checking digest v0.9.0
[INFO] [stderr]     Checking sha2 v0.9.1
[INFO] [stderr]     Checking getrandom v0.1.14
[INFO] [stderr]     Checking time v0.1.43
[INFO] [stderr]     Checking atty v0.2.14
[INFO] [stderr]     Checking rand_core v0.5.1
[INFO] [stderr]     Checking chrono v0.4.13
[INFO] [stderr]     Checking pem v0.8.1
[INFO] [stderr]     Checking env_logger v0.7.1
[INFO] [stderr]     Checking rand_chacha v0.2.2
[INFO] [stderr]     Checking rand v0.7.3
[INFO] [stderr]     Checking pretty_env_logger v0.4.0
[INFO] [stderr]     Checking simple_asn1 v0.4.1
[INFO] [stderr]     Checking yasna v0.3.2
[INFO] [stderr]    Compiling synstructure v0.12.4
[INFO] [stderr]    Compiling zeroize_derive v1.0.0
[INFO] [stderr]    Compiling thiserror-impl v1.0.20
[INFO] [stderr]     Checking zeroize v1.1.0
[INFO] [stderr]     Checking thiserror v1.0.20
[INFO] [stderr]     Checking rsa v0.3.0
[INFO] [stderr]     Checking rsa-pem v0.2.0 (/opt/rustwide/workdir)
[INFO] [stdout] error[E0432]: unresolved import `rsa::hash::Hashes`
[INFO] [stdout]   --> src/lib.rs:88:15
[INFO] [stdout]    |
[INFO] [stdout] 88 |     use rsa::{hash::Hashes, padding::PaddingScheme, PublicKey, RSAPrivateKey, RSAPublicKey};
[INFO] [stdout]    |               ^^^^^^------
[INFO] [stdout]    |               |     |
[INFO] [stdout]    |               |     help: a similar name exists in the module: `Hash`
[INFO] [stdout]    |               no `Hashes` in `hash`
[INFO] [stdout] 
[INFO] [stdout] 
[INFO] [stdout] error[E0599]: no variant or associated item named `PKCS1v15` found for enum `PaddingScheme` in the current scope
[INFO] [stdout]   --> src/lib.rs:93:52
[INFO] [stdout]    |
[INFO] [stdout] 93 |     static PADDING: PaddingScheme = PaddingScheme::PKCS1v15;
[INFO] [stdout]    |                                                    ^^^^^^^^ variant or associated item not found in `PaddingScheme`
[INFO] [stdout] 
[INFO] [stdout] 
[INFO] [stdout] error[E0061]: this function takes 2 arguments but 3 arguments were supplied
[INFO] [stdout]    --> src/lib.rs:100:23
[INFO] [stdout]     |
[INFO] [stdout] 100 |         let sig = rsa.sign(PADDING, HASH, &hashed).unwrap();
[INFO] [stdout]     |                       ^^^^ -------  ----  ------- supplied 3 arguments
[INFO] [stdout]     |                       |
[INFO] [stdout]     |                       expected 2 arguments
[INFO] [stdout] 
[INFO] [stdout] 
[INFO] [stdout] error[E0061]: this function takes 3 arguments but 4 arguments were supplied
[INFO] [stdout]    --> src/lib.rs:107:16
[INFO] [stdout]     |
[INFO] [stdout] 107 |         pubkey.verify(PADDING, HASH, &hashed, &sig).unwrap();
[INFO] [stdout]     |                ^^^^^^ -------  ----  -------  ---- supplied 4 arguments
[INFO] [stdout]     |                |
[INFO] [stdout]     |                expected 3 arguments
[INFO] [stdout] 
[INFO] [stdout] 
[INFO] [stdout] error[E0061]: this function takes 2 arguments but 3 arguments were supplied
[INFO] [stdout]    --> src/lib.rs:115:23
[INFO] [stdout]     |
[INFO] [stdout] 115 |         let sig = rsa.sign(PADDING, HASH, &hashed).unwrap();
[INFO] [stdout]     |                       ^^^^ -------  ----  ------- supplied 3 arguments
[INFO] [stdout]     |                       |
[INFO] [stdout]     |                       expected 2 arguments
[INFO] [stdout] 
[INFO] [stdout] 
[INFO] [stdout] error[E0061]: this function takes 3 arguments but 4 arguments were supplied
[INFO] [stdout]    --> src/lib.rs:123:16
[INFO] [stdout]     |
[INFO] [stdout] 123 |         pubkey.verify(PADDING, HASH, &hashed, &sig).unwrap();
[INFO] [stdout]     |                ^^^^^^ -------  ----  -------  ---- supplied 4 arguments
[INFO] [stdout]     |                |
[INFO] [stdout]     |                expected 3 arguments
[INFO] [stdout] 
[INFO] [stdout] 
[INFO] [stdout] error[E0061]: this function takes 2 arguments but 3 arguments were supplied
[INFO] [stdout]    --> src/lib.rs:131:23
[INFO] [stdout]     |
[INFO] [stdout] 131 |         let sig = rsa.sign(PADDING, HASH, &hashed).unwrap();
[INFO] [stdout]     |                       ^^^^ -------  ----  ------- supplied 3 arguments
[INFO] [stdout]     |                       |
[INFO] [stdout]     |                       expected 2 arguments
[INFO] [stdout] 
[INFO] [stdout] 
[INFO] [stdout] error[E0061]: this function takes 3 arguments but 4 arguments were supplied
[INFO] [stdout]    --> src/lib.rs:138:16
[INFO] [stdout]     |
[INFO] [stdout] 138 |         pubkey.verify(PADDING, HASH, &hashed, &sig).unwrap();
[INFO] [stdout]     |                ^^^^^^ -------  ----  -------  ---- supplied 4 arguments
[INFO] [stdout]     |                |
[INFO] [stdout]     |                expected 3 arguments
[INFO] [stdout] 
[INFO] [stdout] 
[INFO] [stdout] error[E0061]: this function takes 2 arguments but 3 arguments were supplied
[INFO] [stdout]    --> src/lib.rs:146:23
[INFO] [stdout]     |
[INFO] [stdout] 146 |         let sig = rsa.sign(PADDING, HASH, &hashed).unwrap();
[INFO] [stdout]     |                       ^^^^ -------  ----  ------- supplied 3 arguments
[INFO] [stdout]     |                       |
[INFO] [stdout]     |                       expected 2 arguments
[INFO] [stdout] 
[INFO] [stdout] 
[INFO] [stdout] error[E0061]: this function takes 3 arguments but 4 arguments were supplied
[INFO] [stdout]    --> src/lib.rs:154:16
[INFO] [stdout]     |
[INFO] [stdout] 154 |         pubkey.verify(PADDING, HASH, &hashed, &sig).unwrap();
[INFO] [stdout]     |                ^^^^^^ -------  ----  -------  ---- supplied 4 arguments
[INFO] [stdout]     |                |
[INFO] [stdout]     |                expected 3 arguments
[INFO] [stdout] 
[INFO] [stdout] 
[INFO] [stdout] error: aborting due to 10 previous errors
[INFO] [stdout] 
[INFO] [stdout] 
[INFO] [stdout] Some errors have detailed explanations: E0061, E0432, E0599.
[INFO] [stdout] 
[INFO] [stdout] For more information about an error, try `rustc --explain E0061`.
[INFO] [stdout] 
[INFO] [stderr] error: could not compile `rsa-pem`.
[INFO] [stderr] 
[INFO] [stderr] To learn more, run the command again with --verbose.
[INFO] [stderr] warning: build failed, waiting for other jobs to finish...
[INFO] [stderr] error: build failed
[INFO] running `Command { std: "docker" "inspect" "2bf90ff085a8ba6508ed2459f459a572bdb80fcc1532a2b999999411b43aa116", kill_on_drop: false }`
[INFO] running `Command { std: "docker" "rm" "-f" "2bf90ff085a8ba6508ed2459f459a572bdb80fcc1532a2b999999411b43aa116", kill_on_drop: false }`
[INFO] [stdout] 2bf90ff085a8ba6508ed2459f459a572bdb80fcc1532a2b999999411b43aa116
